{"id":1018,"date":"2021-08-15T15:07:19","date_gmt":"2021-08-15T15:07:19","guid":{"rendered":"http:\/\/www.gorseloykuler.com\/?page_id=1018"},"modified":"2021-08-19T13:04:37","modified_gmt":"2021-08-19T13:04:37","slug":"ahmet-ulger-3-7","status":"publish","type":"page","link":"http:\/\/www.gorseloykuler.com\/?page_id=1018","title":{"rendered":"\u015e\u00fckran Ba\u015fmergen"},"content":{"rendered":"\n<div class=\"wp-block-media-text alignwide is-stacked-on-mobile\"><figure class=\"wp-block-media-text__media\"><img data-attachment-id=\"1036\" data-permalink=\"http:\/\/www.gorseloykuler.com\/?attachment_id=1036\" data-orig-file=\"http:\/\/www.gorseloykuler.com\/wp-content\/uploads\/2021\/08\/S\u0327u\u0308kran-Bas\u0327mergen-portrefoto-s\u0327u\u0308kranbas\u0327mergen_portre.jpg\" data-orig-size=\"591,709\" data-comments-opened=\"1\" data-image-meta=\"{&quot;aperture&quot;:&quot;14&quot;,&quot;credit&quot;:&quot;&quot;,&quot;camera&quot;:&quot;NIKON D7000&quot;,&quot;caption&quot;:&quot;&quot;,&quot;created_timestamp&quot;:&quot;1628702380&quot;,&quot;copyright&quot;:&quot;&quot;,&quot;focal_length&quot;:&quot;52&quot;,&quot;iso&quot;:&quot;100&quot;,&quot;shutter_speed&quot;:&quot;0.02&quot;,&quot;title&quot;:&quot;&quot;,&quot;orientation&quot;:&quot;1&quot;}\" data-image-title=\"S\u0327u\u0308kran-Bas\u0327mergen-portrefoto-s\u0327u\u0308kranbas\u0327mergen_portre\" data-image-description=\"\" data-image-caption=\"\" data-medium-file=\"http:\/\/www.gorseloykuler.com\/wp-content\/uploads\/2021\/08\/S\u0327u\u0308kran-Bas\u0327mergen-portrefoto-s\u0327u\u0308kranbas\u0327mergen_portre-250x300.jpg\" data-large-file=\"http:\/\/www.gorseloykuler.com\/wp-content\/uploads\/2021\/08\/S\u0327u\u0308kran-Bas\u0327mergen-portrefoto-s\u0327u\u0308kranbas\u0327mergen_portre.jpg\" loading=\"lazy\" width=\"591\" height=\"709\" src=\"http:\/\/www.gorseloykuler.com\/wp-content\/uploads\/2021\/08\/S\u0327u\u0308kran-Bas\u0327mergen-portrefoto-s\u0327u\u0308kranbas\u0327mergen_portre.jpg\" alt=\"\" class=\"wp-image-1036 size-full\" srcset=\"http:\/\/www.gorseloykuler.com\/wp-content\/uploads\/2021\/08\/S\u0327u\u0308kran-Bas\u0327mergen-portrefoto-s\u0327u\u0308kranbas\u0327mergen_portre.jpg 591w, http:\/\/www.gorseloykuler.com\/wp-content\/uploads\/2021\/08\/S\u0327u\u0308kran-Bas\u0327mergen-portrefoto-s\u0327u\u0308kranbas\u0327mergen_portre-250x300.jpg 250w\" sizes=\"(max-width: 591px) 100vw, 591px\" \/><\/figure><div class=\"wp-block-media-text__content\">\n<p>Bal\u0131kesir&#8217;in Band\u0131rma il\u00e7esinde do\u011fdu. Evli, iki \u00e7ocuk annesi ve \u0130stanbul&#8217;da ya\u015f\u0131yor. 2016 y\u0131l\u0131nda foto\u011fraf\u00e7\u0131l\u0131\u011fa ba\u015flad\u0131. Amat\u00f6r olarak sokak ve do\u011fa foto\u011fraf\u00e7\u0131l\u0131\u011f\u0131na devam ediyor.<\/p>\n\n\n\n<p><a href=\"https:\/\/www.ifsak.org.tr\/\" target=\"_blank\" rel=\"noreferrer noopener\">ifsak<\/a>&#8216;ta Nusen Bilgin Kaday\u0131fc\u0131o\u011flu ile &#8220;\u0130ki Ben&#8221;, Serdar Ercan ile &#8220;Geometri ve \u0130nsan&#8221;, Serkan Tura\u00e7 ile &#8220;Ya\u015famlar,G\u00f6rsel \u00d6yk\u00fcler&#8221; projelerde yer ald\u0131.<\/p>\n\n\n\n<p><a href=\"https:\/\/www.instagram.com\/sukranbasmergen\/\" target=\"_blank\" rel=\"noreferrer noopener\">instagram: sukranbasmergen<\/a><\/p>\n\n\n\n<p>G\u00f6rsel \u00d6yk\u00fcs\u00fc: <a rel=\"noreferrer noopener\" href=\"http:\/\/www.gorseloykuler.com\/?page_id=824\" target=\"_blank\">Oto Berkan<\/a><\/p>\n<\/div><\/div>\n","protected":false},"excerpt":{"rendered":"<p>Bal\u0131kesir&#8217;in Band\u0131rma il\u00e7esinde do\u011fdu. Evli, iki \u00e7ocuk annesi ve \u0130stanbul&#8217;da ya\u015f\u0131yor. 2016 y\u0131l\u0131nda foto\u011fraf\u00e7\u0131l\u0131\u011fa ba\u015flad\u0131. Amat\u00f6r olarak sokak ve do\u011fa foto\u011fraf\u00e7\u0131l\u0131\u011f\u0131na devam ediyor. ifsak&#8216;ta Nusen&hellip; <\/p>\n","protected":false},"author":1,"featured_media":0,"parent":0,"menu_order":0,"comment_status":"closed","ping_status":"closed","template":"page-templates\/gallery-template.php","meta":{"spay_email":""},"_links":{"self":[{"href":"http:\/\/www.gorseloykuler.com\/index.php?rest_route=\/wp\/v2\/pages\/1018"}],"collection":[{"href":"http:\/\/www.gorseloykuler.com\/index.php?rest_route=\/wp\/v2\/pages"}],"about":[{"href":"http:\/\/www.gorseloykuler.com\/index.php?rest_route=\/wp\/v2\/types\/page"}],"author":[{"embeddable":true,"href":"http:\/\/www.gorseloykuler.com\/index.php?rest_route=\/wp\/v2\/users\/1"}],"replies":[{"embeddable":true,"href":"http:\/\/www.gorseloykuler.com\/index.php?rest_route=%2Fwp%2Fv2%2Fcomments&post=1018"}],"version-history":[{"count":5,"href":"http:\/\/www.gorseloykuler.com\/index.php?rest_route=\/wp\/v2\/pages\/1018\/revisions"}],"predecessor-version":[{"id":1362,"href":"http:\/\/www.gorseloykuler.com\/index.php?rest_route=\/wp\/v2\/pages\/1018\/revisions\/1362"}],"wp:attachment":[{"href":"http:\/\/www.gorseloykuler.com\/index.php?rest_route=%2Fwp%2Fv2%2Fmedia&parent=1018"}],"curies":[{"name":"wp","href":"https:\/\/api.w.org\/{rel}","templated":true}]}}

Şükran Başmergen

<div class="wp-block-media-text alignwide is-stacked-on-mobile"><figure class="wp-block-media-text__media"><img data-attachment-id="1036" data-permalink="http://www.gorseloykuler.com/?attachment_id=1036" data-orig-file="http://www.gorseloykuler.com/wp-content/uploads/2021/08/Şükran-Başmergen-portrefoto-şükranbaşmergen_portre.jpg" data-orig-size="591,709" data-comments-opened="1" data-image-meta="{&quot;aperture&quot;:&quot;14&quot;,&quot;credit&quot;:&quot;&quot;,&quot;camera&quot;:&quot;NIKON D7000&quot;,&quot;caption&quot;:&quot;&quot;,&quot;created_timestamp&quot;:&quot;1628702380&quot;,&quot;copyright&quot;:&quot;&quot;,&quot;focal_length&quot;:&quot;52&quot;,&quot;iso&quot;:&quot;100&quot;,&quot;shutter_speed&quot;:&quot;0.02&quot;,&quot;title&quot;:&quot;&quot;,&quot;orientation&quot;:&quot;1&quot;}" data-image-title="Şükran-Başmergen-portrefoto-şükranbaşmergen_portre" data-image-description="" data-image-caption="" data-medium-file="http://www.gorseloykuler.com/wp-content/uploads/2021/08/Şükran-Başmergen-portrefoto-şükranbaşmergen_portre-250x300.jpg" data-large-file="http://www.gorseloykuler.com/wp-content/uploads/2021/08/Şükran-Başmergen-portrefoto-şükranbaşmergen_portre.jpg" loading="lazy" width="591" height="709" src="http://www.gorseloykuler.com/wp-content/uploads/2021/08/Şükran-Başmergen-portrefoto-şükranbaşmergen_portre.jpg" alt="" class="wp-image-1036 size-full" srcset="http://www.gorseloykuler.com/wp-content/uploads/2021/08/Şükran-Başmergen-portrefoto-şükranbaşmergen_portre.jpg 591w, http://www.gorseloykuler.com/wp-content/uploads/2021/08/Şükran-Başmergen-portrefoto-şükranbaşmergen_portre-250x300.jpg 250w" sizes="(max-width: 591px) 100vw, 591px" /></figure><div class="wp-block-media-text__content">
<p>Balıkesir&#8217;in Bandırma ilçesinde doğdu. Evli, iki çocuk annesi ve İstanbul&#8217;da yaşıyor. 2016 yılında fotoğrafçılığa başladı. Amatör olarak sokak ve doğa fotoğrafçılığına devam ediyor.</p>



<p><a href="https://www.ifsak.org.tr/" target="_blank" rel="noreferrer noopener">ifsak</a>&#8216;ta Nusen Bilgin Kadayıfcıoğlu ile &#8220;İki Ben&#8221;, Serdar Ercan ile &#8220;Geometri ve İnsan&#8221;, Serkan Turaç ile &#8220;Yaşamlar,Görsel Öyküler&#8221; projelerde yer aldı.</p>



<p><a href="https://www.instagram.com/sukranbasmergen/" target="_blank" rel="noreferrer noopener">instagram: sukranbasmergen</a></p>



<p>Görsel Öyküsü: <a rel="noreferrer noopener" href="http://www.gorseloykuler.com/?page_id=824" target="_blank">Oto Berkan</a></p>
</div></div>

<p>Balıkesir&#8217;in Bandırma ilçesinde doğdu. Evli, iki çocuk annesi ve İstanbul&#8217;da yaşıyor. 2016 yılında fotoğrafçılığa başladı. Amatör olarak sokak ve doğa fotoğrafçılığına devam ediyor. ifsak&#8216;ta Nusen&hellip; </p>
