{"id":977,"date":"2021-08-15T15:07:19","date_gmt":"2021-08-15T15:07:19","guid":{"rendered":"http:\/\/www.gorseloykuler.com\/?page_id=977"},"modified":"2021-08-19T12:44:34","modified_gmt":"2021-08-19T12:44:34","slug":"ahmet-ulger-2-3","status":"publish","type":"page","link":"http:\/\/www.gorseloykuler.com\/?page_id=977","title":{"rendered":"Emine Bulmus\u0327"},"content":{"rendered":"\n<div class=\"wp-block-media-text alignwide is-stacked-on-mobile\"><figure class=\"wp-block-media-text__media\"><img data-attachment-id=\"549\" data-permalink=\"http:\/\/www.gorseloykuler.com\/?attachment_id=549\" data-orig-file=\"http:\/\/www.gorseloykuler.com\/wp-content\/uploads\/2021\/08\/Emine-Bulmus\u0327_s0000_portre_Emine-Bulmus\u0327-portrefoto-EmineBulmus-foto.jpg\" data-orig-size=\"1200,800\" data-comments-opened=\"1\" data-image-meta=\"{&quot;aperture&quot;:&quot;0&quot;,&quot;credit&quot;:&quot;&quot;,&quot;camera&quot;:&quot;&quot;,&quot;caption&quot;:&quot;&quot;,&quot;created_timestamp&quot;:&quot;1525283378&quot;,&quot;copyright&quot;:&quot;&quot;,&quot;focal_length&quot;:&quot;0&quot;,&quot;iso&quot;:&quot;0&quot;,&quot;shutter_speed&quot;:&quot;0&quot;,&quot;title&quot;:&quot;&quot;,&quot;orientation&quot;:&quot;0&quot;}\" data-image-title=\"Emine Bulmus\u0327_s0000_portre_Emine Bulmus\u0327-portrefoto-EmineBulmus-foto\" data-image-description=\"\" data-image-caption=\"\" data-medium-file=\"http:\/\/www.gorseloykuler.com\/wp-content\/uploads\/2021\/08\/Emine-Bulmus\u0327_s0000_portre_Emine-Bulmus\u0327-portrefoto-EmineBulmus-foto-300x200.jpg\" data-large-file=\"http:\/\/www.gorseloykuler.com\/wp-content\/uploads\/2021\/08\/Emine-Bulmus\u0327_s0000_portre_Emine-Bulmus\u0327-portrefoto-EmineBulmus-foto-1024x683.jpg\" loading=\"lazy\" width=\"1024\" height=\"683\" src=\"http:\/\/www.gorseloykuler.com\/wp-content\/uploads\/2021\/08\/Emine-Bulmus\u0327_s0000_portre_Emine-Bulmus\u0327-portrefoto-EmineBulmus-foto-1024x683.jpg\" alt=\"\" class=\"wp-image-549 size-full\" srcset=\"http:\/\/www.gorseloykuler.com\/wp-content\/uploads\/2021\/08\/Emine-Bulmus\u0327_s0000_portre_Emine-Bulmus\u0327-portrefoto-EmineBulmus-foto-1024x683.jpg 1024w, http:\/\/www.gorseloykuler.com\/wp-content\/uploads\/2021\/08\/Emine-Bulmus\u0327_s0000_portre_Emine-Bulmus\u0327-portrefoto-EmineBulmus-foto-300x200.jpg 300w, http:\/\/www.gorseloykuler.com\/wp-content\/uploads\/2021\/08\/Emine-Bulmus\u0327_s0000_portre_Emine-Bulmus\u0327-portrefoto-EmineBulmus-foto-768x512.jpg 768w, http:\/\/www.gorseloykuler.com\/wp-content\/uploads\/2021\/08\/Emine-Bulmus\u0327_s0000_portre_Emine-Bulmus\u0327-portrefoto-EmineBulmus-foto.jpg 1200w\" sizes=\"(max-width: 1024px) 100vw, 1024px\" \/><\/figure><div class=\"wp-block-media-text__content\">\n<p>Aslen Sivasl\u0131 olup,son 15 y\u0131ld\u0131r \u0130stanbul\u2019da ya\u015famaktad\u0131r.Foto\u011frafla 2017 y\u0131l\u0131nda<a href=\"https:\/\/www.ifsak.org.tr\/\"> \u0130FSAK<\/a>\u2019ta ald\u0131\u011f\u0131 temel e\u011fitimle tan\u0131\u015fm\u0131\u015f olup, \u00f6zellikle \u0130FSAK b\u00fcnyesinde a\u00e7\u0131lan at\u00f6lye ve projelere kat\u0131lmay\u0131 s\u00fcrd\u00fcrmektedir.<\/p>\n\n\n\n<p>Son olarak<a href=\"https:\/\/www.serkanturac.com\/\"> Serkan Tura\u00e7<\/a> ile Ya\u015famlar, G\u00f6rsel \u00d6yk\u00fcler projesinde \u201c\u0130\u011fne Ucunda Bir \u00d6m\u00fcr\u201d \u00f6yk\u00fcs\u00fcn\u00fc tamamlam\u0131\u015ft\u0131r.<\/p>\n\n\n\n<p><a href=\"https:\/\/www.instagram.com\/ebulmus\/\" target=\"_blank\" rel=\"noreferrer noopener\">Instagram: @ebulmus<\/a><\/p>\n\n\n\n<p>G\u00f6rsel \u00d6yk\u00fcs\u00fc:<a href=\"http:\/\/www.gorseloykuler.com\/?page_id=767\"> \u0130\u011fne Ucunda Bir \u00d6m\u00fcr<\/a><\/p>\n<\/div><\/div>\n","protected":false},"excerpt":{"rendered":"<p>Aslen Sivasl\u0131 olup,son 15 y\u0131ld\u0131r \u0130stanbul\u2019da ya\u015famaktad\u0131r.Foto\u011frafla 2017 y\u0131l\u0131nda \u0130FSAK\u2019ta ald\u0131\u011f\u0131 temel e\u011fitimle tan\u0131\u015fm\u0131\u015f olup, \u00f6zellikle \u0130FSAK b\u00fcnyesinde a\u00e7\u0131lan at\u00f6lye ve projelere kat\u0131lmay\u0131 s\u00fcrd\u00fcrmektedir. Son&hellip; <\/p>\n","protected":false},"author":1,"featured_media":0,"parent":0,"menu_order":0,"comment_status":"closed","ping_status":"closed","template":"page-templates\/gallery-template.php","meta":{"spay_email":""},"_links":{"self":[{"href":"http:\/\/www.gorseloykuler.com\/index.php?rest_route=\/wp\/v2\/pages\/977"}],"collection":[{"href":"http:\/\/www.gorseloykuler.com\/index.php?rest_route=\/wp\/v2\/pages"}],"about":[{"href":"http:\/\/www.gorseloykuler.com\/index.php?rest_route=\/wp\/v2\/types\/page"}],"author":[{"embeddable":true,"href":"http:\/\/www.gorseloykuler.com\/index.php?rest_route=\/wp\/v2\/users\/1"}],"replies":[{"embeddable":true,"href":"http:\/\/www.gorseloykuler.com\/index.php?rest_route=%2Fwp%2Fv2%2Fcomments&post=977"}],"version-history":[{"count":7,"href":"http:\/\/www.gorseloykuler.com\/index.php?rest_route=\/wp\/v2\/pages\/977\/revisions"}],"predecessor-version":[{"id":1355,"href":"http:\/\/www.gorseloykuler.com\/index.php?rest_route=\/wp\/v2\/pages\/977\/revisions\/1355"}],"wp:attachment":[{"href":"http:\/\/www.gorseloykuler.com\/index.php?rest_route=%2Fwp%2Fv2%2Fmedia&parent=977"}],"curies":[{"name":"wp","href":"https:\/\/api.w.org\/{rel}","templated":true}]}}

<div class="wp-block-media-text alignwide is-stacked-on-mobile"><figure class="wp-block-media-text__media"><img data-attachment-id="549" data-permalink="http://www.gorseloykuler.com/?attachment_id=549" data-orig-file="http://www.gorseloykuler.com/wp-content/uploads/2021/08/Emine-Bulmuş_s0000_portre_Emine-Bulmuş-portrefoto-EmineBulmus-foto.jpg" data-orig-size="1200,800" data-comments-opened="1" data-image-meta="{&quot;aperture&quot;:&quot;0&quot;,&quot;credit&quot;:&quot;&quot;,&quot;camera&quot;:&quot;&quot;,&quot;caption&quot;:&quot;&quot;,&quot;created_timestamp&quot;:&quot;1525283378&quot;,&quot;copyright&quot;:&quot;&quot;,&quot;focal_length&quot;:&quot;0&quot;,&quot;iso&quot;:&quot;0&quot;,&quot;shutter_speed&quot;:&quot;0&quot;,&quot;title&quot;:&quot;&quot;,&quot;orientation&quot;:&quot;0&quot;}" data-image-title="Emine Bulmuş_s0000_portre_Emine Bulmuş-portrefoto-EmineBulmus-foto" data-image-description="" data-image-caption="" data-medium-file="http://www.gorseloykuler.com/wp-content/uploads/2021/08/Emine-Bulmuş_s0000_portre_Emine-Bulmuş-portrefoto-EmineBulmus-foto-300x200.jpg" data-large-file="http://www.gorseloykuler.com/wp-content/uploads/2021/08/Emine-Bulmuş_s0000_portre_Emine-Bulmuş-portrefoto-EmineBulmus-foto-1024x683.jpg" loading="lazy" width="1024" height="683" src="http://www.gorseloykuler.com/wp-content/uploads/2021/08/Emine-Bulmuş_s0000_portre_Emine-Bulmuş-portrefoto-EmineBulmus-foto-1024x683.jpg" alt="" class="wp-image-549 size-full" srcset="http://www.gorseloykuler.com/wp-content/uploads/2021/08/Emine-Bulmuş_s0000_portre_Emine-Bulmuş-portrefoto-EmineBulmus-foto-1024x683.jpg 1024w, http://www.gorseloykuler.com/wp-content/uploads/2021/08/Emine-Bulmuş_s0000_portre_Emine-Bulmuş-portrefoto-EmineBulmus-foto-300x200.jpg 300w, http://www.gorseloykuler.com/wp-content/uploads/2021/08/Emine-Bulmuş_s0000_portre_Emine-Bulmuş-portrefoto-EmineBulmus-foto-768x512.jpg 768w, http://www.gorseloykuler.com/wp-content/uploads/2021/08/Emine-Bulmuş_s0000_portre_Emine-Bulmuş-portrefoto-EmineBulmus-foto.jpg 1200w" sizes="(max-width: 1024px) 100vw, 1024px" /></figure><div class="wp-block-media-text__content">
<p>Aslen Sivaslı olup,son 15 yıldır İstanbul’da yaşamaktadır.Fotoğrafla 2017 yılında<a href="https://www.ifsak.org.tr/"> İFSAK</a>’ta aldığı temel eğitimle tanışmış olup, özellikle İFSAK bünyesinde açılan atölye ve projelere katılmayı sürdürmektedir.</p>



<p>Son olarak<a href="https://www.serkanturac.com/"> Serkan Turaç</a> ile Yaşamlar, Görsel Öyküler projesinde “İğne Ucunda Bir Ömür” öyküsünü tamamlamıştır.</p>



<p><a href="https://www.instagram.com/ebulmus/" target="_blank" rel="noreferrer noopener">Instagram: @ebulmus</a></p>



<p>Görsel Öyküsü:<a href="http://www.gorseloykuler.com/?page_id=767"> İğne Ucunda Bir Ömür</a></p>
</div></div>

<p>Aslen Sivaslı olup,son 15 yıldır İstanbul’da yaşamaktadır.Fotoğrafla 2017 yılında İFSAK’ta aldığı temel eğitimle tanışmış olup, özellikle İFSAK bünyesinde açılan atölye ve projelere katılmayı sürdürmektedir. Son&hellip; </p>
