{"id":979,"date":"2021-08-15T15:07:19","date_gmt":"2021-08-15T15:07:19","guid":{"rendered":"http:\/\/www.gorseloykuler.com\/?page_id=979"},"modified":"2021-08-18T09:32:47","modified_gmt":"2021-08-18T09:32:47","slug":"ahmet-ulger-2-5","status":"publish","type":"page","link":"http:\/\/www.gorseloykuler.com\/?page_id=979","title":{"rendered":"I\u0307brahim Genc\u0327"},"content":{"rendered":"\n<div class=\"wp-block-media-text alignwide is-stacked-on-mobile\"><figure class=\"wp-block-media-text__media\"><img data-attachment-id=\"504\" data-permalink=\"http:\/\/www.gorseloykuler.com\/?attachment_id=504\" data-orig-file=\"http:\/\/www.gorseloykuler.com\/wp-content\/uploads\/2021\/08\/I\u0307brahim-Genc\u0327_s0000_portre_I\u0307brahim-Genc\u0327-portrefoto-IbrahimGenc_SEL2612a4.jpg\" data-orig-size=\"900,1200\" data-comments-opened=\"1\" data-image-meta=\"{&quot;aperture&quot;:&quot;0&quot;,&quot;credit&quot;:&quot;ALI BOROVALI&quot;,&quot;camera&quot;:&quot;&quot;,&quot;caption&quot;:&quot;charset=Ascii&quot;,&quot;created_timestamp&quot;:&quot;1563116629&quot;,&quot;copyright&quot;:&quot;&quot;,&quot;focal_length&quot;:&quot;0&quot;,&quot;iso&quot;:&quot;0&quot;,&quot;shutter_speed&quot;:&quot;0&quot;,&quot;title&quot;:&quot;charset=Ascii&quot;,&quot;orientation&quot;:&quot;0&quot;}\" data-image-title=\"charset=Ascii\" data-image-description=\"\" data-image-caption=\"&lt;p&gt;charset=Ascii&lt;\/p&gt;\n\" data-medium-file=\"http:\/\/www.gorseloykuler.com\/wp-content\/uploads\/2021\/08\/I\u0307brahim-Genc\u0327_s0000_portre_I\u0307brahim-Genc\u0327-portrefoto-IbrahimGenc_SEL2612a4-225x300.jpg\" data-large-file=\"http:\/\/www.gorseloykuler.com\/wp-content\/uploads\/2021\/08\/I\u0307brahim-Genc\u0327_s0000_portre_I\u0307brahim-Genc\u0327-portrefoto-IbrahimGenc_SEL2612a4-768x1024.jpg\" loading=\"lazy\" width=\"768\" height=\"1024\" src=\"http:\/\/www.gorseloykuler.com\/wp-content\/uploads\/2021\/08\/I\u0307brahim-Genc\u0327_s0000_portre_I\u0307brahim-Genc\u0327-portrefoto-IbrahimGenc_SEL2612a4-768x1024.jpg\" alt=\"\" class=\"wp-image-504 size-full\" srcset=\"http:\/\/www.gorseloykuler.com\/wp-content\/uploads\/2021\/08\/I\u0307brahim-Genc\u0327_s0000_portre_I\u0307brahim-Genc\u0327-portrefoto-IbrahimGenc_SEL2612a4-768x1024.jpg 768w, http:\/\/www.gorseloykuler.com\/wp-content\/uploads\/2021\/08\/I\u0307brahim-Genc\u0327_s0000_portre_I\u0307brahim-Genc\u0327-portrefoto-IbrahimGenc_SEL2612a4-225x300.jpg 225w, http:\/\/www.gorseloykuler.com\/wp-content\/uploads\/2021\/08\/I\u0307brahim-Genc\u0327_s0000_portre_I\u0307brahim-Genc\u0327-portrefoto-IbrahimGenc_SEL2612a4.jpg 900w\" sizes=\"(max-width: 768px) 100vw, 768px\" \/><\/figure><div class=\"wp-block-media-text__content\">\n<p>1971 Kocaeli do\u011fumlu, akademisyen ve giri\u015fimci\u2026 Lisans, y\u00fcksek lisans ve doktora \u00f6\u011frenimini \u0130T\u00dc Elektronik ve Haberle\u015fme M\u00fchendisli\u011fi alan\u0131nda tamamlad\u0131. Foto\u011fraf makinesiyle seksenli y\u0131llarda Zorki 4K ile tan\u0131\u015ft\u0131 ancak amat\u00f6r foto\u011fraf\u00e7\u0131 olarak nitelendirilebilecek \u015fekilde foto\u011fraf \u00e7ekmeye ba\u015flamas\u0131 2000\u2019li y\u0131llar\u0131n ba\u015flar\u0131nda oldu. Baz\u0131 foto\u011fraflar\u0131 <a href=\"https:\/\/www.ifsak.org.tr\/\" target=\"_blank\" rel=\"noreferrer noopener\">\u0130FSAK<\/a> Ay\u0131n Foto\u011fraf\u0131 etkinliklerinde se\u00e7ildi. 2005 ve 2007 \u0130stanbul Mimarlar Odas\u0131 Ajandas\u0131 yar\u0131\u015fmalar\u0131nda e\u015fde\u011fer \u00f6d\u00fcl, Bursa Mimarlar Odas\u0131\u2019ndan sergileme, Kocaeli B\u00fcy\u00fck\u015fehir Belediyesi\u2019nden sat\u0131n alma \u00f6d\u00fclleri ald\u0131. \u00c7e\u015fitli karma sergilere kat\u0131ld\u0131. \u201c\u015eiirlerle \u0130stanbul\u201d kitab\u0131n\u0131 haz\u0131rlayan foto\u011fraf\u00e7\u0131lar aras\u0131nda yer ald\u0131.<\/p>\n\n\n\n<p><a href=\"https:\/\/www.instagram.com\/fi_genc\/\" target=\"_blank\" rel=\"noreferrer noopener\">Instagram : @fi_genc<\/a><\/p>\n\n\n\n<p>G\u00f6rsel \u00d6yk\u00fcs\u00fc: <a href=\"http:\/\/www.gorseloykuler.com\/?page_id=778\" target=\"_blank\" rel=\"noreferrer noopener\">Murat YERDEN, \u0130stanbul Kemen\u00e7esi Yap\u0131m\u0131 Ustas\u0131<\/a><\/p>\n<\/div><\/div>\n","protected":false},"excerpt":{"rendered":"<p>1971 Kocaeli do\u011fumlu, akademisyen ve giri\u015fimci\u2026 Lisans, y\u00fcksek lisans ve doktora \u00f6\u011frenimini \u0130T\u00dc Elektronik ve Haberle\u015fme M\u00fchendisli\u011fi alan\u0131nda tamamlad\u0131. Foto\u011fraf makinesiyle seksenli y\u0131llarda Zorki 4K&hellip; <\/p>\n","protected":false},"author":1,"featured_media":0,"parent":0,"menu_order":0,"comment_status":"closed","ping_status":"closed","template":"page-templates\/gallery-template.php","meta":{"spay_email":""},"_links":{"self":[{"href":"http:\/\/www.gorseloykuler.com\/index.php?rest_route=\/wp\/v2\/pages\/979"}],"collection":[{"href":"http:\/\/www.gorseloykuler.com\/index.php?rest_route=\/wp\/v2\/pages"}],"about":[{"href":"http:\/\/www.gorseloykuler.com\/index.php?rest_route=\/wp\/v2\/types\/page"}],"author":[{"embeddable":true,"href":"http:\/\/www.gorseloykuler.com\/index.php?rest_route=\/wp\/v2\/users\/1"}],"replies":[{"embeddable":true,"href":"http:\/\/www.gorseloykuler.com\/index.php?rest_route=%2Fwp%2Fv2%2Fcomments&post=979"}],"version-history":[{"count":6,"href":"http:\/\/www.gorseloykuler.com\/index.php?rest_route=\/wp\/v2\/pages\/979\/revisions"}],"predecessor-version":[{"id":1268,"href":"http:\/\/www.gorseloykuler.com\/index.php?rest_route=\/wp\/v2\/pages\/979\/revisions\/1268"}],"wp:attachment":[{"href":"http:\/\/www.gorseloykuler.com\/index.php?rest_route=%2Fwp%2Fv2%2Fmedia&parent=979"}],"curies":[{"name":"wp","href":"https:\/\/api.w.org\/{rel}","templated":true}]}}

<div class="wp-block-media-text alignwide is-stacked-on-mobile"><figure class="wp-block-media-text__media"><img data-attachment-id="504" data-permalink="http://www.gorseloykuler.com/?attachment_id=504" data-orig-file="http://www.gorseloykuler.com/wp-content/uploads/2021/08/İbrahim-Genç_s0000_portre_İbrahim-Genç-portrefoto-IbrahimGenc_SEL2612a4.jpg" data-orig-size="900,1200" data-comments-opened="1" data-image-meta="{&quot;aperture&quot;:&quot;0&quot;,&quot;credit&quot;:&quot;ALI BOROVALI&quot;,&quot;camera&quot;:&quot;&quot;,&quot;caption&quot;:&quot;charset=Ascii&quot;,&quot;created_timestamp&quot;:&quot;1563116629&quot;,&quot;copyright&quot;:&quot;&quot;,&quot;focal_length&quot;:&quot;0&quot;,&quot;iso&quot;:&quot;0&quot;,&quot;shutter_speed&quot;:&quot;0&quot;,&quot;title&quot;:&quot;charset=Ascii&quot;,&quot;orientation&quot;:&quot;0&quot;}" data-image-title="charset=Ascii" data-image-description="" data-image-caption="&lt;p&gt;charset=Ascii&lt;/p&gt;
" data-medium-file="http://www.gorseloykuler.com/wp-content/uploads/2021/08/İbrahim-Genç_s0000_portre_İbrahim-Genç-portrefoto-IbrahimGenc_SEL2612a4-225x300.jpg" data-large-file="http://www.gorseloykuler.com/wp-content/uploads/2021/08/İbrahim-Genç_s0000_portre_İbrahim-Genç-portrefoto-IbrahimGenc_SEL2612a4-768x1024.jpg" loading="lazy" width="768" height="1024" src="http://www.gorseloykuler.com/wp-content/uploads/2021/08/İbrahim-Genç_s0000_portre_İbrahim-Genç-portrefoto-IbrahimGenc_SEL2612a4-768x1024.jpg" alt="" class="wp-image-504 size-full" srcset="http://www.gorseloykuler.com/wp-content/uploads/2021/08/İbrahim-Genç_s0000_portre_İbrahim-Genç-portrefoto-IbrahimGenc_SEL2612a4-768x1024.jpg 768w, http://www.gorseloykuler.com/wp-content/uploads/2021/08/İbrahim-Genç_s0000_portre_İbrahim-Genç-portrefoto-IbrahimGenc_SEL2612a4-225x300.jpg 225w, http://www.gorseloykuler.com/wp-content/uploads/2021/08/İbrahim-Genç_s0000_portre_İbrahim-Genç-portrefoto-IbrahimGenc_SEL2612a4.jpg 900w" sizes="(max-width: 768px) 100vw, 768px" /></figure><div class="wp-block-media-text__content">
<p>1971 Kocaeli doğumlu, akademisyen ve girişimci… Lisans, yüksek lisans ve doktora öğrenimini İTÜ Elektronik ve Haberleşme Mühendisliği alanında tamamladı. Fotoğraf makinesiyle seksenli yıllarda Zorki 4K ile tanıştı ancak amatör fotoğrafçı olarak nitelendirilebilecek şekilde fotoğraf çekmeye başlaması 2000’li yılların başlarında oldu. Bazı fotoğrafları <a href="https://www.ifsak.org.tr/" target="_blank" rel="noreferrer noopener">İFSAK</a> Ayın Fotoğrafı etkinliklerinde seçildi. 2005 ve 2007 İstanbul Mimarlar Odası Ajandası yarışmalarında eşdeğer ödül, Bursa Mimarlar Odası’ndan sergileme, Kocaeli Büyükşehir Belediyesi’nden satın alma ödülleri aldı. Çeşitli karma sergilere katıldı. “Şiirlerle İstanbul” kitabını hazırlayan fotoğrafçılar arasında yer aldı.</p>



<p><a href="https://www.instagram.com/fi_genc/" target="_blank" rel="noreferrer noopener">Instagram : @fi_genc</a></p>



<p>Görsel Öyküsü: <a href="http://www.gorseloykuler.com/?page_id=778" target="_blank" rel="noreferrer noopener">Murat YERDEN, İstanbul Kemençesi Yapımı Ustası</a></p>
</div></div>

<p>1971 Kocaeli doğumlu, akademisyen ve girişimci… Lisans, yüksek lisans ve doktora öğrenimini İTÜ Elektronik ve Haberleşme Mühendisliği alanında tamamladı. Fotoğraf makinesiyle seksenli yıllarda Zorki 4K&hellip; </p>
